{"id":45,"date":"2017-02-14T17:54:32","date_gmt":"2017-02-14T16:54:32","guid":{"rendered":"http:\/\/www.lalberodellapsicologia.it\/?page_id=45"},"modified":"2020-05-04T18:04:56","modified_gmt":"2020-05-04T16:04:56","slug":"servizi-offerti","status":"publish","type":"page","link":"https:\/\/www.lalberodellapsicologia.it\/index.php\/info\/servizi-offerti\/","title":{"rendered":"SERVIZI OFFERTI"},"content":{"rendered":"<p style=\"text-align: justify;\"><strong>Psicoterapia individuale<\/strong>:\u00a0gli incontri prevedono la convocazione del singolo individuo.\u00a0\u00c8 un percorso\u00a0rivolto a giovani e adulti che stanno attraversando un momento critico nella propria vita (lutto, separazione, una fase di stallo nel proprio progetto di vita di coppia, familiare, scolastica, lavorativa) o che hanno sviluppato segni di sofferenza psicologica (ansia, attacchi di panico, apatia, depressione, comportamento reattivo, vissuti di rabbia, ritiro sociale, disturbi del sonno, disturbi dell&#8217;alimentazione, dipendenza).<\/p>\n<p style=\"text-align: justify;\"><strong>Psicoterapia di coppia<\/strong>: gli incontri prevedono la convocazione dei due partner. \u00c8 un percorso rivolto a\u00a0coppie che stanno vivendo una crisi, forti conflittualit\u00e0, che hanno perso la capacit\u00e0 di ascoltarsi e comprendersi. Insieme cercheremo di cogliere il senso di ci\u00f2 che sta accadendo e di comprendere la possibile evoluzione di tale fase per la coppia.<\/p>\n<p style=\"text-align: justify;\"><strong>Psicoterapia<\/strong> <strong>familiare<\/strong>:<strong>\u00a0<\/strong>sono invitati a partecipare alle sedute i membri della famiglia. \u00c8 un lavoro terapeutico rivolto all&#8217;intero nucleo, all&#8217;interno del quale uno o pi\u00f9 membri, con i loro sintomi, stanno esprimendo un disagio di tutta la famiglia o che sta attraversando una fase evolutiva critica, che richiede una riorganizzazione dei ruoli (nascita di un figlio, uscita di un figlio da casa, malattia di un componente della famiglia,\u00a0pensionamento,\u00a0morte di un congiunto, etc.).<\/p>\n<p style=\"text-align: justify;\"><strong>Consulenza psicologica<\/strong> <strong>individuale<\/strong>:<strong>\u00a0<\/strong>l\u2019attenzione \u00e8 focalizzata su un\u2019unica tematica portata dal singolo, rispetto alla quale il terapeuta fornisce orientamento, informazioni, spiegazioni, e supporto<\/p>\n<p class=\"Body\" style=\"text-align: justify;\"><strong>Consulenza psicologica di coppia<\/strong>:\u00a0l\u2019attenzione \u00e8 focalizzata su un\u2019unica tematica portata dalla coppia, rispetto alla quale il terapeuta fornisce orientamento, informazioni, spiegazioni, e supporto.<\/p>\n<p class=\"Body\" style=\"text-align: justify;\"><strong>Consulenza psicologica familiare<\/strong>: \u00a0l\u2019attenzione \u00e8 focalizzata su un\u2019unica tematica portata dalla famiglia , rispetto alla quale il terapeuta fornisce orientamento, informazioni, spiegazioni, e supporto.<\/p>\n<p class=\"Body\" style=\"text-align: justify;\"><strong>Sostegno alla<\/strong> <strong>genitorialit\u00e0<\/strong>:\u00a0<strong>\u00a0<\/strong>\u00e8\u00a0un\u2019occasione di conoscenza del mondo psicologico del bambino e dell\u2019adolescente e di riflessione sul proprio modo di stare in relazione con il proprio figlio. I genitori troveranno ascolto e potranno confrontarsi sulle fatiche e le difficolt\u00e0 della genitorialita&#8217; e cimentarsi, insieme al terapeuta, in una lettura nuova di se&#8217; e dell&#8217;altro.<\/p>\n<p class=\"Body\" style=\"text-align: justify;\"><strong>Sostegno a professionisti dell&#8217;ambito sociale ed educativo<\/strong>:<strong>\u00a0<\/strong>si tratta di incontri di supervisione, organizzati in piccoli gruppi, con la finalit\u00e0 di offrire supporto e indicazioni utili agli operatori, che si trovano ad affrontare situazioni complesse nel proprio lavoro.<\/p>\n<p class=\"Body\"><strong>Percorsi di meditazione guidata:\u00a0<\/strong>si tratta di incontri in cui, attraverso l\u2019addestramento alla pratica, si aiuta la persona ad entrare in profondo contatto con se stessa, migliorare la propria consapevolezza, raggiungere un profondo stato di calma e rilassamento ed imparare a ridurre lo stress accumulato nella vita di tutti i giorni,<\/p>\n<p class=\"Body\">\n<p class=\"Body\">\n","protected":false},"excerpt":{"rendered":"<p>Psicoterapia individuale:\u00a0gli incontri prevedono la convocazione del singolo individuo.\u00a0\u00c8 un percorso\u00a0rivolto a giovani e adulti che stanno attraversando un momento critico nella propria vita (lutto, separazione, una fase di stallo nel proprio progetto di vita di coppia, familiare, scolastica, lavorativa)&hellip; <br \/><a class=\"read-more-button\" href=\"https:\/\/www.lalberodellapsicologia.it\/index.php\/info\/servizi-offerti\/\">Leggi tutto<\/a><\/p>\n","protected":false},"author":1,"featured_media":0,"parent":16,"menu_order":0,"comment_status":"closed","ping_status":"closed","template":"","meta":{"jetpack_post_was_ever_published":false,"footnotes":""},"class_list":["post-45","page","type-page","status-publish","hentry"],"yoast_head":"<!-- This site is optimized with the Yoast SEO plugin v23.4 - https:\/\/yoast.com\/wordpress\/plugins\/seo\/ -->\r\n<title>SERVIZI OFFERTI - Lalbero della Psicologia<\/title>\r\n<meta name=\"robots\" content=\"index, follow, max-snippet:-1, max-image-preview:large, max-video-preview:-1\" \/>\r\n<link rel=\"canonical\" href=\"https:\/\/www.lalberodellapsicologia.it\/index.php\/info\/servizi-offerti\/\" \/>\r\n<meta property=\"og:locale\" content=\"it_IT\" \/>\r\n<meta property=\"og:type\" content=\"article\" \/>\r\n<meta property=\"og:title\" content=\"SERVIZI OFFERTI - Lalbero della Psicologia\" \/>\r\n<meta property=\"og:description\" content=\"Psicoterapia individuale:\u00a0gli incontri prevedono la convocazione del singolo individuo.\u00a0\u00c8 un percorso\u00a0rivolto a giovani e adulti che stanno attraversando un momento critico nella propria vita (lutto, separazione, una fase di stallo nel proprio progetto di vita di coppia, familiare, scolastica, lavorativa)&hellip; Leggi tutto\" \/>\r\n<meta property=\"og:url\" content=\"https:\/\/www.lalberodellapsicologia.it\/index.php\/info\/servizi-offerti\/\" \/>\r\n<meta property=\"og:site_name\" content=\"Lalbero della Psicologia\" \/>\r\n<meta property=\"article:modified_time\" content=\"2020-05-04T16:04:56+00:00\" \/>\r\n<meta name=\"twitter:card\" content=\"summary_large_image\" \/>\r\n<meta name=\"twitter:label1\" content=\"Tempo di lettura stimato\" \/>\n\t<meta name=\"twitter:data1\" content=\"2 minuti\" \/>\r\n<script type=\"application\/ld+json\" class=\"yoast-schema-graph\">{\"@context\":\"https:\/\/schema.org\",\"@graph\":[{\"@type\":\"WebPage\",\"@id\":\"https:\/\/www.lalberodellapsicologia.it\/index.php\/info\/servizi-offerti\/\",\"url\":\"https:\/\/www.lalberodellapsicologia.it\/index.php\/info\/servizi-offerti\/\",\"name\":\"SERVIZI OFFERTI - Lalbero della Psicologia\",\"isPartOf\":{\"@id\":\"https:\/\/www.lalberodellapsicologia.it\/#website\"},\"datePublished\":\"2017-02-14T16:54:32+00:00\",\"dateModified\":\"2020-05-04T16:04:56+00:00\",\"breadcrumb\":{\"@id\":\"https:\/\/www.lalberodellapsicologia.it\/index.php\/info\/servizi-offerti\/#breadcrumb\"},\"inLanguage\":\"it-IT\",\"potentialAction\":[{\"@type\":\"ReadAction\",\"target\":[\"https:\/\/www.lalberodellapsicologia.it\/index.php\/info\/servizi-offerti\/\"]}]},{\"@type\":\"BreadcrumbList\",\"@id\":\"https:\/\/www.lalberodellapsicologia.it\/index.php\/info\/servizi-offerti\/#breadcrumb\",\"itemListElement\":[{\"@type\":\"ListItem\",\"position\":1,\"name\":\"Home\",\"item\":\"https:\/\/www.lalberodellapsicologia.it\/\"},{\"@type\":\"ListItem\",\"position\":2,\"name\":\"INFO\",\"item\":\"http:\/\/www.lalberodellapsicologia.it\/index.php\/info\/\"},{\"@type\":\"ListItem\",\"position\":3,\"name\":\"SERVIZI OFFERTI\"}]},{\"@type\":\"WebSite\",\"@id\":\"https:\/\/www.lalberodellapsicologia.it\/#website\",\"url\":\"https:\/\/www.lalberodellapsicologia.it\/\",\"name\":\"Lalbero della Psicologia\",\"description\":\"\",\"potentialAction\":[{\"@type\":\"SearchAction\",\"target\":{\"@type\":\"EntryPoint\",\"urlTemplate\":\"https:\/\/www.lalberodellapsicologia.it\/?s={search_term_string}\"},\"query-input\":{\"@type\":\"PropertyValueSpecification\",\"valueRequired\":true,\"valueName\":\"search_term_string\"}}],\"inLanguage\":\"it-IT\"}]}<\/script>\r\n<!-- \/ Yoast SEO plugin. -->","yoast_head_json":{"title":"SERVIZI OFFERTI - Lalbero della Psicologia","robots":{"index":"index","follow":"follow","max-snippet":"max-snippet:-1","max-image-preview":"max-image-preview:large","max-video-preview":"max-video-preview:-1"},"canonical":"https:\/\/www.lalberodellapsicologia.it\/index.php\/info\/servizi-offerti\/","og_locale":"it_IT","og_type":"article","og_title":"SERVIZI OFFERTI - Lalbero della Psicologia","og_description":"Psicoterapia individuale:\u00a0gli incontri prevedono la convocazione del singolo individuo.\u00a0\u00c8 un percorso\u00a0rivolto a giovani e adulti che stanno attraversando un momento critico nella propria vita (lutto, separazione, una fase di stallo nel proprio progetto di vita di coppia, familiare, scolastica, lavorativa)&hellip; Leggi tutto","og_url":"https:\/\/www.lalberodellapsicologia.it\/index.php\/info\/servizi-offerti\/","og_site_name":"Lalbero della Psicologia","article_modified_time":"2020-05-04T16:04:56+00:00","twitter_card":"summary_large_image","twitter_misc":{"Tempo di lettura stimato":"2 minuti"},"schema":{"@context":"https:\/\/schema.org","@graph":[{"@type":"WebPage","@id":"https:\/\/www.lalberodellapsicologia.it\/index.php\/info\/servizi-offerti\/","url":"https:\/\/www.lalberodellapsicologia.it\/index.php\/info\/servizi-offerti\/","name":"SERVIZI OFFERTI - Lalbero della Psicologia","isPartOf":{"@id":"https:\/\/www.lalberodellapsicologia.it\/#website"},"datePublished":"2017-02-14T16:54:32+00:00","dateModified":"2020-05-04T16:04:56+00:00","breadcrumb":{"@id":"https:\/\/www.lalberodellapsicologia.it\/index.php\/info\/servizi-offerti\/#breadcrumb"},"inLanguage":"it-IT","potentialAction":[{"@type":"ReadAction","target":["https:\/\/www.lalberodellapsicologia.it\/index.php\/info\/servizi-offerti\/"]}]},{"@type":"BreadcrumbList","@id":"https:\/\/www.lalberodellapsicologia.it\/index.php\/info\/servizi-offerti\/#breadcrumb","itemListElement":[{"@type":"ListItem","position":1,"name":"Home","item":"https:\/\/www.lalberodellapsicologia.it\/"},{"@type":"ListItem","position":2,"name":"INFO","item":"http:\/\/www.lalberodellapsicologia.it\/index.php\/info\/"},{"@type":"ListItem","position":3,"name":"SERVIZI OFFERTI"}]},{"@type":"WebSite","@id":"https:\/\/www.lalberodellapsicologia.it\/#website","url":"https:\/\/www.lalberodellapsicologia.it\/","name":"Lalbero della Psicologia","description":"","potentialAction":[{"@type":"SearchAction","target":{"@type":"EntryPoint","urlTemplate":"https:\/\/www.lalberodellapsicologia.it\/?s={search_term_string}"},"query-input":{"@type":"PropertyValueSpecification","valueRequired":true,"valueName":"search_term_string"}}],"inLanguage":"it-IT"}]}},"jetpack_sharing_enabled":true,"jetpack_shortlink":"https:\/\/wp.me\/P8pCML-J","jetpack-related-posts":[],"_links":{"self":[{"href":"https:\/\/www.lalberodellapsicologia.it\/index.php\/wp-json\/wp\/v2\/pages\/45"}],"collection":[{"href":"https:\/\/www.lalberodellapsicologia.it\/index.php\/wp-json\/wp\/v2\/pages"}],"about":[{"href":"https:\/\/www.lalberodellapsicologia.it\/index.php\/wp-json\/wp\/v2\/types\/page"}],"author":[{"embeddable":true,"href":"https:\/\/www.lalberodellapsicologia.it\/index.php\/wp-json\/wp\/v2\/users\/1"}],"replies":[{"embeddable":true,"href":"https:\/\/www.lalberodellapsicologia.it\/index.php\/wp-json\/wp\/v2\/comments?post=45"}],"version-history":[{"count":5,"href":"https:\/\/www.lalberodellapsicologia.it\/index.php\/wp-json\/wp\/v2\/pages\/45\/revisions"}],"predecessor-version":[{"id":578,"href":"https:\/\/www.lalberodellapsicologia.it\/index.php\/wp-json\/wp\/v2\/pages\/45\/revisions\/578"}],"up":[{"embeddable":true,"href":"https:\/\/www.lalberodellapsicologia.it\/index.php\/wp-json\/wp\/v2\/pages\/16"}],"wp:attachment":[{"href":"https:\/\/www.lalberodellapsicologia.it\/index.php\/wp-json\/wp\/v2\/media?parent=45"}],"curies":[{"name":"wp","href":"https:\/\/api.w.org\/{rel}","templated":true}]}}